{"id":2105,"date":"2024-03-24T16:40:19","date_gmt":"2024-03-24T15:40:19","guid":{"rendered":"https:\/\/christelijkisliefdevol.nl\/?page_id=2105"},"modified":"2024-12-28T22:13:44","modified_gmt":"2024-12-28T21:13:44","slug":"2024-2","status":"publish","type":"page","link":"https:\/\/christelijkisliefdevol.nl\/index.php\/2024-2\/","title":{"rendered":"2024"},"content":{"rendered":"\n<p class=\"has-text-color\" style=\"color:#244802;font-size:17px\">Het beeldmateriaal is volledig uit openbare delen van het internet.<\/p>\n\n\n\n<p class=\"has-text-color\" style=\"color:#244802;font-size:17px\">Wegens de directe relatie met een bepaald motto is de aanduiding van een video op deze website anders dan de titel van de betreffende video op het openbare deel van het internet.<\/p>\n\n\n\n<p class=\"has-text-color\" style=\"color:#244802;font-size:17px\">Klik hieronder op \u00e9\u00e9n van de groene knoppen om de video af te spelen die bij \u00e9\u00e9n van de motto&#8217;s van 2024 hoort.<br>De gekozen video wordt in een nieuw venster afgespeeld.<\/p>\n\n\n\n<p class=\"has-text-color\" style=\"color:#244802;font-size:17px\">Om naar deze pagina terug te keren, hoeft u alleen dat nieuwe venster af te sluiten door op het <em>x <\/em>teken van het nieuwe venster te klikken.<\/p>\n\n\n\n<div class=\"wp-block-buttons is-layout-flex wp-block-buttons-is-layout-flex\">\n<div class=\"wp-block-button\"><a class=\"wp-block-button__link has-text-color has-background wp-element-button\" href=\"https:\/\/www.youtube.com\/watch?v=qhBClWVPtd0\" style=\"border-radius:50px;color:#f6fafc;background-color:#2e6c11\" target=\"_blank\" rel=\"noreferrer noopener\">Motto 57a: Les in dankbaarheid voor volwassenen<\/a><\/div>\n\n\n\n<div class=\"wp-block-button\"><a class=\"wp-block-button__link has-text-color has-background wp-element-button\" href=\"https:\/\/www.youtube.com\/watch?v=2qQ-vTXR9zg\" style=\"border-radius:50px;color:#f6fafc;background-color:#2e6c11\" target=\"_blank\" rel=\"noreferrer noopener\">Motto 57b: Les in dankbaarheid voor kinderen<\/a><\/div>\n<\/div>\n\n\n\n<p><\/p>\n\n\n\n<div class=\"wp-block-buttons is-layout-flex wp-block-buttons-is-layout-flex\">\n<div class=\"wp-block-button\"><a class=\"wp-block-button__link has-text-color has-background has-link-color wp-element-button\" href=\"https:\/\/www.youtube.com\/watch?v=twg6gcG7Cu0&amp;t=556s\" style=\"border-radius:50px;color:#f6fafc;background-color:#2e6c11\" target=\"_blank\" rel=\"noreferrer noopener\">Motto 58a: Gebedsadvies van een arts, een voormalige jonge uitgeprocedeerde asielzoeker \/ vluchteling<\/a><\/div>\n<\/div>\n\n\n\n<div class=\"wp-block-buttons is-layout-flex wp-block-buttons-is-layout-flex\">\n<div class=\"wp-block-button\"><a class=\"wp-block-button__link has-text-color has-background has-link-color wp-element-button\" href=\"https:\/\/www.youtube.com\/watch?v=jDCUpqOPt1Q\" style=\"border-radius:50px;color:#f6fafc;background-color:#2e6c11\" target=\"_blank\" rel=\"noreferrer noopener\">Motto 58b: Vertrouwen in God van een jeugdige asielzoekster<\/a><\/div>\n<\/div>\n\n\n\n<p><\/p>\n\n\n\n<div class=\"wp-block-buttons is-layout-flex wp-block-buttons-is-layout-flex\">\n<div class=\"wp-block-button\"><a class=\"wp-block-button__link has-text-color has-background has-link-color wp-element-button\" href=\"https:\/\/www.youtube.com\/watch?v=3BGO9Mmd_cU\" style=\"border-radius:50px;color:#f6fafc;background-color:#2e6c11\" target=\"_blank\" rel=\"noreferrer noopener\">Motto 59a: Het oude verbond en het nieuwe verbond<\/a><\/div>\n<\/div>\n\n\n\n<div class=\"wp-block-buttons is-layout-flex wp-block-buttons-is-layout-flex\">\n<div class=\"wp-block-button\"><a class=\"wp-block-button__link has-text-color has-background has-link-color wp-element-button\" href=\"https:\/\/www.youtube.com\/watch?v=_mlEcO-E4nk\" style=\"border-radius:50px;color:#f6fafc;background-color:#2e6c11\" target=\"_blank\" rel=\"noreferrer noopener\">Motto 59b: Het oude verbond en het christendom<\/a><\/div>\n<\/div>\n\n\n\n<p class=\"has-text-color has-link-color has-medium-font-size wp-elements-11e84e53beab748953b0d4fadb773fb0\" style=\"color:#244802\"><br>Zes lofliederen behorend bij motto 60:<\/p>\n\n\n\n<div class=\"wp-block-buttons is-layout-flex wp-block-buttons-is-layout-flex\">\n<div class=\"wp-block-button\"><a class=\"wp-block-button__link has-text-color has-background has-link-color wp-element-button\" href=\"https:\/\/www.youtube.com\/watch?v=nkid-gmxwuk\" style=\"border-radius:50px;color:#f6fafc;background-color:#2e6c11\" target=\"_blank\" rel=\"noreferrer noopener\">Motto 60a: El Shaddai &#8211; Nederland Zingt &#8211; Suzanne van de Velde<\/a><\/div>\n\n\n\n<div class=\"wp-block-button\"><a class=\"wp-block-button__link has-text-color has-background has-link-color wp-element-button\" href=\"https:\/\/www.youtube.com\/watch?v=M_Ki54JeGcE\" style=\"border-radius:50px;color:#f6fafc;background-color:#2e6c11\" target=\"_blank\" rel=\"noreferrer noopener\">Motto 60b: Lied 221 Zo vriendelijk en veilig als het licht &#8211; YouTube<\/a><\/div>\n\n\n\n<div class=\"wp-block-button\"><a class=\"wp-block-button__link has-text-color has-background has-link-color wp-element-button\" href=\"https:\/\/www.youtube.com\/watch?v=UYLKrFOLS-E\" style=\"border-radius:50px;color:#f6fafc;background-color:#2e6c11\" target=\"_blank\" rel=\"noreferrer noopener\">Motto 60c: Lied: Bless the Lord my soul (with lyrics) &#8211; YouTube<\/a><\/div>\n\n\n\n<div class=\"wp-block-button\"><a class=\"wp-block-button__link has-text-color has-background has-link-color wp-element-button\" href=\"https:\/\/www.youtube.com\/watch?v=nS4wJwUYEVo\" style=\"border-radius:50px;color:#f6fafc;background-color:#2e6c11\" target=\"_blank\" rel=\"noreferrer noopener\">Motto 60d: Nederland Zingt Dag 2017: De kracht van Uw liefde &#8211; YouTube<\/a><\/div>\n\n\n\n<div class=\"wp-block-button\"><a class=\"wp-block-button__link has-text-color has-background has-link-color wp-element-button\" href=\"https:\/\/www.youtube.com\/watch?v=mE84YzS3Ue0\" style=\"border-radius:50px;color:#f6fafc;background-color:#2e6c11\" target=\"_blank\" rel=\"noreferrer noopener\">Motto 60e: Lied 67A: Heel de aarde jubelt en juicht | Petrus in het land | KRO-NCRV &#8211; YouTube<\/a><\/div>\n\n\n\n<div class=\"wp-block-button\"><a class=\"wp-block-button__link has-text-color has-background has-link-color wp-element-button\" href=\"https:\/\/www.youtube.com\/watch?v=YBe8Zsl_avc\" style=\"border-radius:50px;color:#f6fafc;background-color:#2e6c11\" target=\"_blank\" rel=\"noreferrer noopener\">Motto 60f: Hoe groot zijt Gij | 1700 mannen zingen | Katwijk aan Zee &#8211; YouTube<\/a><\/div>\n<\/div>\n\n\n\n<p><\/p>\n","protected":false},"excerpt":{"rendered":"<p>Het beeldmateriaal is volledig uit openbare delen van het internet. Wegens de directe relatie met een bepaald motto is de aanduiding van een video op deze website anders dan de titel van de betreffende video op het openbare deel van het internet. Klik hieronder op \u00e9\u00e9n van de groene knoppen om de video af te&hellip;&nbsp;<a href=\"https:\/\/christelijkisliefdevol.nl\/index.php\/2024-2\/\" rel=\"bookmark\">Lees verder &raquo;<span class=\"screen-reader-text\">2024<\/span><\/a><\/p>\n","protected":false},"author":1,"featured_media":0,"parent":0,"menu_order":62,"comment_status":"closed","ping_status":"closed","template":"","meta":{"neve_meta_sidebar":"","neve_meta_container":"","neve_meta_enable_content_width":"","neve_meta_content_width":0,"neve_meta_title_alignment":"","neve_meta_author_avatar":"","neve_post_elements_order":"","neve_meta_disable_header":"","neve_meta_disable_footer":"","neve_meta_disable_title":"","footnotes":""},"class_list":["post-2105","page","type-page","status-publish","hentry"],"_links":{"self":[{"href":"https:\/\/christelijkisliefdevol.nl\/index.php\/wp-json\/wp\/v2\/pages\/2105","targetHints":{"allow":["GET"]}}],"collection":[{"href":"https:\/\/christelijkisliefdevol.nl\/index.php\/wp-json\/wp\/v2\/pages"}],"about":[{"href":"https:\/\/christelijkisliefdevol.nl\/index.php\/wp-json\/wp\/v2\/types\/page"}],"author":[{"embeddable":true,"href":"https:\/\/christelijkisliefdevol.nl\/index.php\/wp-json\/wp\/v2\/users\/1"}],"replies":[{"embeddable":true,"href":"https:\/\/christelijkisliefdevol.nl\/index.php\/wp-json\/wp\/v2\/comments?post=2105"}],"version-history":[{"count":12,"href":"https:\/\/christelijkisliefdevol.nl\/index.php\/wp-json\/wp\/v2\/pages\/2105\/revisions"}],"predecessor-version":[{"id":2380,"href":"https:\/\/christelijkisliefdevol.nl\/index.php\/wp-json\/wp\/v2\/pages\/2105\/revisions\/2380"}],"wp:attachment":[{"href":"https:\/\/christelijkisliefdevol.nl\/index.php\/wp-json\/wp\/v2\/media?parent=2105"}],"curies":[{"name":"wp","href":"https:\/\/api.w.org\/{rel}","templated":true}]}}