{"id":2249,"date":"2024-11-07T10:27:56","date_gmt":"2024-11-07T09:27:56","guid":{"rendered":"https:\/\/christelijkisliefdevol.nl\/?page_id=2249"},"modified":"2025-03-30T16:46:20","modified_gmt":"2025-03-30T14:46:20","slug":"vanuit-het-oude-testament-het-nieuwe-testament-in","status":"publish","type":"page","link":"https:\/\/christelijkisliefdevol.nl\/index.php\/vanuit-het-oude-testament-het-nieuwe-testament-in\/","title":{"rendered":"O.T.-N.T."},"content":{"rendered":"\n<p class=\"has-text-color has-link-color wp-elements-9c3225ab69a67a7039b6305d13a57d5f\" style=\"color:#244802;font-size:18px\"><br><strong><em>Vanuit het Oude Testament het Nieuwe Testament in<\/em><\/strong><em>!<\/em><\/p>\n\n\n\n<p class=\"has-text-color has-link-color wp-elements-60418dda396e1ec934d11ba68d998fc6\" style=\"color:#244802;font-size:17px\">Het Nieuwe Testament kan niet los worden gezien van het Oude Testament, zoals onder meer blijkt uit Jezus Christus\u2019 opmerkingen bij zijn verschijning na zijn opwekking uit de doden aan: <br>-. twee leerlingen die samen op weg waren naar het dorp Emma\u00fcs<br>(\u201cToen zei Hij tot hen: \u2018Wat zijn jullie toch onverstandig en traag van begrip als het gaat om het geloof in alles wat de profeten hebben gezegd! Moest de Messias niet zo lijden en dan zijn heerlijkheid binnengaan?\u2019 En Hij legde hun uit wat in heel de Schrift op Hemzelf betrekking had, te beginnen bij Mozes en alle Profeten.\u201d, volgens Lucas 24: 25\u201327, WV); en<br>-. daarna gelijktijdig aan de elf apostelen en hun metgezellen<br>(\u201cHij zei: \u2018Dit is wat Ik jullie heb gezegd toen Ik nog bij jullie was: alles wat er in de Wet van Mozes en bij de Profeten en in de Psalmen over Mij geschreven staat, moet in vervulling gaan.\u2019Toen opende Hij hun verstand om de Schriften te begrijpen. Hij zei: \u2018Er staat geschreven dat de Messias zou lijden en op de derde dag uit de doden zou opstaan, en dat in zijn naam de bekering zou worden verkondigd aan alle volken, tot vergeving van zonden.\u201c, volgens Lucas 24: 45-47, WV).<\/p>\n\n\n\n<p class=\"has-text-color has-link-color wp-elements-a36bf3cf52af4bb60867f54d808f85c9\" style=\"color:#244802;font-size:17px\">In dit verband zou de volgende gedachtelijn op basis van bepaalde Bijbelverzen kunnen worden uitgezet:<br><em>Jezus moest als Isra\u00ebliet worden geboren, gehouden aan het verbond van God met Isra\u00ebl (het Oude Verbond, het Oude Testament).<br>De Isra\u00eblieten konden maar niet aan de voorwaarden van het Oude Verbond voldoen.<br>Jezus van Nazaret is, als Isra\u00ebliet, deze voorwaarden volledig nagekomen en heeft (daardoor) vervolgens via het Nieuwe Verbond (het Nieuwe Testament) het eeuwig leven voor alle mensen bereikbaar gemaakt.<\/em><\/p>\n\n\n\n<p class=\"has-text-color has-link-color wp-elements-f44ade8b09b10bfa05057b49baaabbd3\" style=\"color:#244802;font-size:17px\">1. <em>Vanuit het Oude Testament op basis van de volgende Bijbelverzen:<\/em><\/p>\n\n\n\n<p class=\"has-text-color has-link-color wp-elements-3210b7c21660995ff2ca5e87f36f87d6\" style=\"color:#244802;font-size:17px\">\u201cDe HEERE nu zei tegen Abram: Gaat u uit uw land, uit uw familiekring en uit het huis van uw vader, naar het land dat Ik u wijzen zal.<br>Ik zal u tot een groot volk maken, u zegenen en uw naam groot maken; en u zult tot een zegen zijn. Ik zal zegenen wie u zegenen, en wie u vervloekt, zal Ik vervloeken; en in u zullen alle geslachten van de aardbodem gezegend worden.\u201d: Genesis 12: 1-3, HSV.<\/p>\n\n\n\n<p class=\"has-text-color has-link-color wp-elements-d2b5e62905af48dbbe659e7e61e6b90a\" style=\"color:#244802;font-size:17px\">\u201cToen Abram negenennegentig jaar was, verscheen de HEER aan hem en zei: \u2018Ik ben God, de Ontzagwekkende. Richt je steeds naar mijn wil en leid een onberispelijk leven. Ik wil met jou een verbond aangaan en Ik zal je veel, heel veel nakomelingen geven.\u2019 <br>Ik zal je bijzonder vruchtbaar maken. Er zullen veel volken uit je voortkomen en onder je nazaten zullen koningen zijn. Ik sluit een verbond met jou en met je nakomelingen, met alle komende generaties, een eeuwigdurend verbond: Ik zal jouw God zijn en die van je nakomelingen.\u201d: Genesis 17: 1-2, 6-7, NBV21.<\/p>\n\n\n\n<p class=\"has-text-color has-link-color wp-elements-06db324c54a04148371602ca7add71a5\" style=\"color:#244802;font-size:17px\">\u201cWant Abraham wordt zeker een groot en machtig volk, en om hem zullen alle volken van de aarde zich gezegend noemen. &nbsp;Ik heb hem immers uitverkoren; zijn zonen en zijn nakomelingen moet hij leren zich door een rechtschapen en deugdzaam leven aan de weg van de HEER te houden, dan kan de HEER vervullen wat Hij over Abraham gezegd heeft.\u2019\u201d: Genesis 18: 18-19, WV.<\/p>\n\n\n\n<p class=\"has-text-color has-link-color wp-elements-f85e99abee82b04f8f389810a9be8994\" style=\"color:#244802;font-size:17px\">\u201cMijn verordeningen en Mijn bepalingen moet u in acht nemen. De mens die ze houdt, zal erdoor leven. Ik ben de HEERE.\u201d: Leviticus 18: 5, HSV.<\/p>\n\n\n\n<p class=\"has-text-color has-link-color wp-elements-80171b4a0e5bda4d6189e44759e2f7bf\" style=\"color:#244802;font-size:17px\">\u201c\u201cVervloekt is eenieder die zich niet houdt aan de bepalingen van deze wet.\u201d Dan antwoordt heel het volk: \u201cAmen.\u201d\u2019\u201d: Deuteronomium 27: 26, NBV21.<\/p>\n\n\n\n<p class=\"has-text-color has-link-color wp-elements-6b45bf83494be04db7aa37d88f314e18\" style=\"color:#244802;font-size:17px\">&#8220;Niets is zo onbetrouwbaar als het hart,<br>onverbeterlijk is het, wie zal het kennen?<br>Ik, de HEER, ben het die het hart doorgrondt,<br>die nieren toetst,<br>die ieder naar zijn levenswandel beloont,<br>aan ieder geeft wat hij verdient.&#8221;: Jeremia 17: 9-10, NBV21.<\/p>\n\n\n\n<p class=\"has-text-color has-link-color wp-elements-0cc26d255e7188f882eb6a07febbeb4a\" style=\"color:#244802;font-size:17px\">\u201cZie, er komen dagen, spreekt de HEERE, dat Ik met het huis van Isra\u00ebl en met het huis van Juda een nieuw verbond zal sluiten,<br>niet zoals het verbond dat Ik met hun vaderen gesloten heb op de dag dat Ik hun hand vastgreep om hen uit het land Egypte te leiden \u2013 Mijn verbond, dat zij verbroken hebben, hoewel \u00cdk hen getrouwd had, spreekt de HEERE.<br>Voorzeker, dit is het verbond dat Ik na die dagen met het huis van Isra\u00ebl sluiten zal, spreekt de HEERE: Ik zal Mijn wet in hun binnenste geven en zal die in hun hart schrijven. Ik zal hun tot een God zijn en z\u00edj zullen Mij tot een volk zijn.<br>Dan zullen zij niet meer eenieder zijn naaste en eenieder zijn broeder onderwijzen door te zeggen: Ken de HEERE, want zij zullen Mij allen kennen, vanaf hun kleinste tot hun grootste toe, spreekt de HEERE. Want Ik zal hun ongerechtigheid vergeven en aan hun zonde niet meer denken.\u201d: Jeremia 31: 31-34, HSV.<\/p>\n\n\n\n<p class=\"has-text-color has-link-color wp-elements-3278dab94ec49870e347d83f4c82ab21\" style=\"color:#244802;font-size:17px\">\u201cEn toen de engel bij haar binnengekomen was, zei hij: Wees gegroet, begenadigde. De Heere <em>is<\/em> met u. U bent gezegend onder de vrouwen.<br>Toen zij <em>hem<\/em> zag, raakte zij in verwarring door zijn woorden, en zij vroeg zich af wat de betekenis van deze groet kon zijn.<br>En de engel zei tegen haar: Wees niet bevreesd, Maria, want u hebt genade gevonden bij God. En zie, u zult zwanger worden en een Zoon baren en u zult Hem de Naam Jezus geven.&#8221;, volgens Lukas 2: 28-31, HSV.<\/p>\n\n\n\n<p class=\"has-text-color has-link-color wp-elements-a9141c90e27d06bb95ebc8ed030782e2\" style=\"color:#244802;font-size:17px\">\u201cEen week later, toen de tijd gekomen was dat Hij besneden moest worden, kreeg Hij de naam Jezus, die door de engel was genoemd voordat Hij in de moederschoot werd ontvangen.\u201d, volgens Lucas 2: 21, WV.<\/p>\n\n\n\n<p class=\"has-text-color has-link-color wp-elements-eb37d8ff63a0bc5b1b1c80343fed7ad0\" style=\"color:#244802;font-size:17px\">\u201cDenk niet dat Ik gekomen ben om de Wet of de Profeten af te schaffen; Ik ben niet gekomen om die af te schaffen, maar te vervullen. Want, voorwaar, Ik zeg u: Totdat de hemel en de aarde voorbijgaan, zal er niet \u00e9\u00e9n jota of \u00e9\u00e9n tittel van de Wet voorbijgaan, totdat het alles geschied is.\u201d, volgens Matthe\u00fcs 5: 17-18, HSV.<\/p>\n\n\n\n<p class=\"has-text-color has-link-color wp-elements-3020cc032eef61592179452a75ef9779\" style=\"color:#244802;font-size:17px\">\u201cDit waren de twaalf die Jezus uitzond, en Hij gaf hun de volgende instructies: \u2018Neem niet de weg naar de heidenen en ga geen Samaritaanse stad binnen. Ga liever op zoek naar de verloren schapen van het volk van Isra\u00ebl en verkondig hun dat het koninkrijk van de hemel nabij is.\u201d, volgens Matte\u00fcs 10: 5-7, NBV21.<\/p>\n\n\n\n<p class=\"has-text-color has-link-color wp-elements-80d30f5c3fb625e8b196be8a4010d498\" style=\"color:#244802;font-size:17px\">\u201cEn Jezus ging vandaar weg en vertrok naar het gebied van Tyrus en Sidon.<br>En zie, een Kananese vrouw, die uit dat gebied kwam, riep naar Hem: Heere, Zoon van David, ontferm U over mij! Mijn dochter is ernstig door een demon bezeten.<br>Maar Hij antwoordde haar met geen woord. En Zijn discipelen kwamen naar Hem toe en vroegen Hem: Stuur haar weg, want zij roept ons na.<br>Hij antwoordde en zei: Ik ben alleen maar gezonden naar de verloren schapen van het huis van Isra\u00ebl.\u201d, volgens Matthe\u00fcs 15: 21-24, HSV.<\/p>\n\n\n\n<p class=\"has-text-color has-link-color wp-elements-b4ad57edaa6ce9cfd03aac77531672c7\" style=\"color:#244802;font-size:17px\">\u201cHij begon hun te leren dat de Mensenzoon veel zou moeten lijden en door de oudsten van het volk, de hogepriesters en de schriftgeleerden verworpen zou worden, en dat Hij gedood zou worden, maar drie dagen later zou opstaan;<br>Want ieder die zijn leven wil behouden, zal het verliezen, maar wie zijn leven verliest omwille van Mij en het evangelie, zal het behouden.\u201d, volgens Marcus 8: 31, 35, NBV21.<\/p>\n\n\n\n<p class=\"has-text-color has-link-color wp-elements-b644b5baefa73403788d854ed38d6ffa\" style=\"color:#244802;font-size:17px\">\u201c\u2018Als God uw vader was,\u2019 zei Jezus, \u2018dan zou u Mij liefhebben, want Ik ben van God uitgegaan en van Godswege ben Ik hier: Ik ben niet uit Mijzelf gekomen, maar Hij heeft Mij gezonden.\u201d, volgens Johannes 8: 42, WV.<\/p>\n\n\n\n<p class=\"has-text-color has-link-color wp-elements-1455ae0995c255b5d2fce5040c76ff17\" style=\"color:#244802;font-size:17px\">\u201c\u2018Ik ben de opstanding en het leven\u2019, zei Jezus. \u2018Wie in Mij gelooft mag dan wel sterven, toch zal hij leven; en iedereen die leeft en in Mij gelooft, zal in eeuwigheid niet sterven. Geloof je dat?\u2019 \u2018Ja Heer,\u2019 antwoordde Marta, \u2018ik geloof vast dat U de Messias bent, de Zoon van God, degene die in de wereld komen zou.\u2019\u201d, volgens Johannes 11: 25-27, WV.<\/p>\n\n\n\n<p class=\"has-text-color has-link-color wp-elements-6a10750ce3edc4458e1c20d177849a30\" style=\"color:#244802;font-size:17px\">\u201cWie zich aan zijn leven vastklampt, verliest het; maar wie zijn leven prijsgeeft in deze wereld, zal het behouden voor het eeuwig leven.\u201d, volgens Johannes 12: 25, WV.<\/p>\n\n\n\n<p class=\"has-text-color has-link-color wp-elements-3beaa6b8da5fcd6fd4313da142c8f342\" style=\"color:#244802;font-size:17px\">\u201cEn terwijl Hij Zijn kruis droeg, ging Hij <em>de stad<\/em> uit naar de<em> plaats<\/em> die Schedelplaats genoemd wordt <em>en<\/em> in het Hebreeuws Golgotha.<br>Daar kruisigden zij Hem en met Hem twee anderen, aan elke kant \u00e9\u00e9n, en Jezus in het midden. Toen Jezus dan de zure wijn genomen had, zei Hij: Het is volbracht! En Hij boog het hoofd en gaf de geest.\u201d, Johannes 19: 17-18, 30, HSV.<\/p>\n\n\n\n<p class=\"has-text-color has-link-color wp-elements-14847cdffcfd99f1edef234e82c09c26\" style=\"color:#244802;font-size:17px\">2.&nbsp;<em>Het Nieuwe Testament in op basis van de volgende Bijbelverzen:<\/em><\/p>\n\n\n\n<p class=\"has-text-color has-link-color wp-elements-f335d0fcc3721502c8e9369ba6a3df0c\" style=\"color:#244802;font-size:17px\">&#8220;Terwijl zij pratend verdergingen, kwam er opeens een wagen van vuur met paarden van vuur, die hen van elkaar scheidde, en in een stormwind werd Elia ten hemel opgenomen.&#8221;: 2 Koningen 2:11, WV.<\/p>\n\n\n\n<p class=\"has-text-color has-link-color wp-elements-cf6813a1d5bd0baec8202305ab063e00\" style=\"color:#244802;font-size:17px\">\u201cDit zegt God, de HEER,<br>die de hemel heeft geschapen en uitgespannen,<br>die de aarde heeft uitgespreid<br>met alles wat zij voortbrengt,<br>die de mensen op aarde levensadem geeft,<br>en levensgeest aan allen die daar verkeren:<br>In gerechtigheid heb Ik, de HEER, jou geroepen.<br>Ik zal je bij de hand nemen en je behoeden,<br>Ik neem je in dienst voor mijn verbond met het volk<br>en maak je tot een licht voor alle volken,\u201d: Jesaja 42: 5-6, NVB21.<\/p>\n\n\n\n<p class=\"has-text-color has-link-color wp-elements-64b8540b63602fc532966944691f9f9c\" style=\"color:#244802;font-size:17px\">&#8220;Zie, Ik zend tot u<br>de profeet Elia,<br>voordat de dag van de HEERE komt,<br>die grote en ontzagwekkende <em>dag<\/em>.<br>Hij zal het hart van de vaders tot de kinderen terugbrengen,<br>en het hart van de kinderen tot hun vaders,<br>opdat Ik niet zal komen<br>en de aarde met de ban zal slaan.\u201d: Maleachi 4: 5-6, HSV.<\/p>\n\n\n\n<p class=\"has-text-color has-link-color wp-elements-e13ac8f4c4ee8dfe007131c9d48637d6\" style=\"color:#244802;font-size:17px\">\u201cMaar de engel zei tegen hem: \u2018Wees niet bang, Zacharias, je gebed is verhoord: je vrouw Elisabet zal je een zoon baren, en je moet hem Johannes noemen. Vreugde en blijdschap zullen je ten deel vallen, en velen zullen zich over zijn geboorte verheugen. Hij zal groot zijn in de ogen van de Heer, en wijn of bier zal hij niet drinken. Hij zal vervuld worden van de heilige Geest terwijl hij nog in de schoot van zijn moeder is, en hij zal velen uit het volk van Isra\u00ebl naar de Heer, hun God, terugbrengen. Hij zal voor Hem uit gaan met de geest en de kracht van Elia, om ouders met hun kinderen te verzoenen en om van zondaars rechtvaardigen te maken, en zo zal hij voor de Heer een volk gereedmaken.\u2019&#8221;, volgens Lucas 1: 13-17, NBV21.<\/p>\n\n\n\n<p class=\"has-text-color has-link-color wp-elements-ce9fde0faebc576571bfcff91c294c0e\" style=\"color:#244802;font-size:17px\">\u201cUit jou, Betlehem in Efrata,<br>te klein om tot Juda\u2019s geslachten te behoren,<br>uit jou komt iemand voort die voor Mij over Isra\u00ebl zal heersen.<br>Zijn oorsprong ligt in lang vervlogen tijden,<br>in de dagen van weleer.<br>Totdat de vrouw die zwanger is haar kind heeft gebaard,<br>worden zijn broeders aan hun lot overgelaten.<br>Daarna zullen wie er nog over zijn<br>terugkeren naar de andere Isra\u00eblieten.<br>Hij zal aantreden en hen als een herder weiden,<br>bekleed met de macht van de HEER, zijn God,<br>met de majesteit van diens verheven naam.<br>Zij zullen veilig wonen, <br>want hij zal heersen tot aan de einden der aarde,\u201d: Micha 5:1-3, NBV21.<\/p>\n\n\n\n<p class=\"has-text-color has-link-color wp-elements-639eb34c18a6b96c30b25354aa8b51e3\" style=\"color:#244802;font-size:17px\">\u201cEn toen de dagen van haar reiniging volgens de wet van Mozes vervuld waren, brachten zij Hem naar Jeruzalem om <em>Hem<\/em> de Heere voor te stellen.<br>En zie, er was een man in Jeruzalem, van wie de naam Simeon was, en die man was rechtvaardig en godvrezend. Hij verwachtte de vertroosting van Isra\u00ebl en de Heilige Geest was op hem.<br>En hem was een Goddelijke openbaring gegeven door de Heilige Geest dat hij de dood niet zien zou voordat hij de Gezalfde van de Heere zou zien.<br>En hij kwam door de Geest in de tempel. En toen de ouders het Kind Jezus binnenbrachten om met Hem te doen volgens de gewoonte van de wet,<br>nam hij Het in zijn armen, loofde God en zei:<br>Nu laat U, Heere, Uw dienstknecht gaan in vrede, volgens Uw woord,<br>want mijn ogen hebben Uw zaligheid gezien,<br>die U bereid hebt voor de ogen van alle volken,<br>een licht om de heidenen te verlichten en om Uw volk Isra\u00ebl te verheerlijken.&#8221;, volgens Lukas 2: 22, 25-32, HSV.<\/p>\n\n\n\n<p class=\"has-text-color has-link-color wp-elements-b34928456e6decde50591e48e371fef5\" style=\"color:#244802;font-size:17px\">\u201cZes dagen later nam Jezus Petrus, Jakobus en diens broer Johannes met zich mee een hoge berg op, waar Hij met hen alleen was.&nbsp; Voor hun ogen veranderde Hij van gedaante. Zijn gezicht ging stralen als de zon en zijn kleren werden wit als licht.&nbsp; Opeens verschenen hun Mozes en Elia, in gesprek met Hem. De leerlingen stelden Hem de vraag: \u2018Waarom zeggen de schriftgeleerden eigenlijk dat Elia eerst moet komen?\u2019&nbsp; Hij antwoordde: \u2018Elia komt en zal alles herstellen.&nbsp; Maar Ik zeg jullie: Elia is al gekomen, en ze hebben hem niet herkend; ze hebben met hem gedaan wat ze wilden. Zo zal ook de Mensenzoon door hun toedoen moeten lijden.\u2019&nbsp; Toen begrepen de leerlingen dat Hij hun sprak over Johannes de Doper.\u201d, volgens Matte\u00fcs 17: 1-3, 10-13, WV.<\/p>\n\n\n\n<p class=\"has-text-color has-link-color wp-elements-73f0a0ad691d3d122794eea46143f545\" style=\"color:#244802;font-size:17px\">\u201cDe engel zei tegen de vrouwen: \u2018U hoeft niet bang te zijn, want ik weet dat u Jezus zoekt die gekruisigd is.&nbsp; Hij is niet hier: Hij is tot leven gewekt, zoals Hij gezegd heeft. Kom, kijk naar de plaats waar Hij gelegen heeft.&nbsp; Ga snel tegen zijn leerlingen zeggen: \u201cHij is uit de doden opgewekt, en zie, Hij gaat voor u uit naar Galilea; daar zult u Hem zien.\u201d Dit had ik u te zeggen.\u2019&nbsp; Ze gingen snel van het graf weg, vol angst en met grote vreugde, en ze liepen hard om het aan zijn leerlingen te vertellen.&nbsp; En zie, Jezus kwam hun tegemoet. \u2018Gegroet\u2019, zei Hij. Ze gingen naar Hem toe, grepen Hem bij de voeten vast en vielen voor Hem op de knie\u00ebn.\u201d, volgens Matte\u00fcs 28: 5-9,&nbsp;WV.<\/p>\n\n\n\n<p class=\"has-text-color has-link-color wp-elements-47dfa475bd15e046bcb66bc86c1272a4\" style=\"color:#244802;font-size:17px\">\u201cEn Hij zei tegen hen: Ga heen in heel de wereld, predik het Evangelie aan alle schepselen.<br>Wie geloofd zal hebben en gedoopt zal zijn, zal zalig worden, maar wie niet geloofd zal hebben, zal verdoemd worden.\u201d, volgens Markus 16: 15-16, HSV.<\/p>\n\n\n\n<p class=\"has-text-color has-link-color wp-elements-12396c0f06f0e4174b7d36f7f955ebe1\" style=\"color:#244802;font-size:17px\">\u201cWaarom roepen jullie \u201cHeer, Heer\u201d tegen Mij, maar doen jullie niet wat Ik zeg?\u201d, volgens Lucas 6: 46, NBV21.<\/p>\n\n\n\n<p class=\"has-text-color has-link-color wp-elements-0c54cd4e9a6d6694e22feef786333e72\" style=\"color:#244802;font-size:17px\">\u201cNiet ieder die tegen Mij zegt: Heere, Heere, zal binnengaan in het Koninkrijk der hemelen, maar wie de wil doet van Mijn Vader, Die in de hemelen is.\u201d, volgens Matthe\u00fcs 7: 21, HSV.<\/p>\n\n\n\n<p class=\"has-text-color has-link-color wp-elements-ccd47805740b235dc6ed293734ccea47\" style=\"color:#244802;font-size:17px\">&#8220;Want de Zoon des mensen zal komen in de heerlijkheid van Zijn Vader, met Zijn engelen, en dan zal Hij ieder vergelden naar zijn daden.&#8221;, volgens Matthe\u00fcs 16: 27, HSV.<\/p>\n\n\n\n<p class=\"has-text-color has-link-color wp-elements-12feb4f24bd8acd3e044224f9d69b7a2\" style=\"color:#244802;font-size:17px\">\u201cWanneer de Zoon des mensen komen zal in Zijn heerlijkheid en al de heilige engelen met Hem, dan zal Hij zitten op de troon van Zijn heerlijkheid.<br>En v\u00f3\u00f3r Hem zullen al de volken bijeengebracht worden, en Hij zal ze van elkaar scheiden zoals de herder de schapen van de bokken scheidt.\u201d volgens Matthe\u00fcs 25: 31-32, HSV.<\/p>\n\n\n\n<p class=\"has-text-color has-link-color wp-elements-3f3dece4b0eebdc750611dc802867a6c\" style=\"color:#244802;font-size:17px\">\u201cDe dienaar die weet wat zijn heer wil, maar geen voorbereidingen treft en niet overeenkomstig zijn wil handelt, zal veel slagen te verduren krijgen. Maar wie niet weet wat zijn heer wil en zo handelt dat hij slaag verdient, zal weinig slagen te verduren krijgen. Van iedereen aan wie veel gegeven is, zal veel worden ge\u00ebist, en hoe meer aan iemand is toevertrouwd, des te meer zal van hem worden gevraagd.\u201d, volgens Lucas 12: 47-48, NBV21.<\/p>\n\n\n\n<p class=\"has-text-color has-link-color wp-elements-b4afad63b55e0635d5a909a330912cad\" style=\"color:#244802;font-size:17px\">\u201cEn dit is de wil van Hem Die Mij gezonden heeft, dat ieder die de Zoon ziet en in Hem gelooft, eeuwig leven heeft, en Ik zal hem doen opstaan op de laatste dag.\u201d, volgens Johannes 6: 40, HSV.<\/p>\n","protected":false},"excerpt":{"rendered":"<p>Vanuit het Oude Testament het Nieuwe Testament in! Het Nieuwe Testament kan niet los worden gezien van het Oude Testament, zoals onder meer blijkt uit Jezus Christus\u2019 opmerkingen bij zijn verschijning na zijn opwekking uit de doden aan: -. twee leerlingen die samen op weg waren naar het dorp Emma\u00fcs(\u201cToen zei Hij tot hen: \u2018Wat&hellip;&nbsp;<a href=\"https:\/\/christelijkisliefdevol.nl\/index.php\/vanuit-het-oude-testament-het-nieuwe-testament-in\/\" rel=\"bookmark\">Lees verder &raquo;<span class=\"screen-reader-text\">O.T.-N.T.<\/span><\/a><\/p>\n","protected":false},"author":1,"featured_media":0,"parent":0,"menu_order":11,"comment_status":"closed","ping_status":"closed","template":"","meta":{"neve_meta_sidebar":"","neve_meta_container":"","neve_meta_enable_content_width":"","neve_meta_content_width":0,"neve_meta_title_alignment":"","neve_meta_author_avatar":"","neve_post_elements_order":"","neve_meta_disable_header":"","neve_meta_disable_footer":"","neve_meta_disable_title":"","footnotes":""},"class_list":["post-2249","page","type-page","status-publish","hentry"],"_links":{"self":[{"href":"https:\/\/christelijkisliefdevol.nl\/index.php\/wp-json\/wp\/v2\/pages\/2249","targetHints":{"allow":["GET"]}}],"collection":[{"href":"https:\/\/christelijkisliefdevol.nl\/index.php\/wp-json\/wp\/v2\/pages"}],"about":[{"href":"https:\/\/christelijkisliefdevol.nl\/index.php\/wp-json\/wp\/v2\/types\/page"}],"author":[{"embeddable":true,"href":"https:\/\/christelijkisliefdevol.nl\/index.php\/wp-json\/wp\/v2\/users\/1"}],"replies":[{"embeddable":true,"href":"https:\/\/christelijkisliefdevol.nl\/index.php\/wp-json\/wp\/v2\/comments?post=2249"}],"version-history":[{"count":49,"href":"https:\/\/christelijkisliefdevol.nl\/index.php\/wp-json\/wp\/v2\/pages\/2249\/revisions"}],"predecessor-version":[{"id":2657,"href":"https:\/\/christelijkisliefdevol.nl\/index.php\/wp-json\/wp\/v2\/pages\/2249\/revisions\/2657"}],"wp:attachment":[{"href":"https:\/\/christelijkisliefdevol.nl\/index.php\/wp-json\/wp\/v2\/media?parent=2249"}],"curies":[{"name":"wp","href":"https:\/\/api.w.org\/{rel}","templated":true}]}}