{"id":2345,"date":"2024-12-28T15:56:09","date_gmt":"2024-12-28T14:56:09","guid":{"rendered":"https:\/\/christelijkisliefdevol.nl\/?page_id=2345"},"modified":"2025-02-10T14:33:58","modified_gmt":"2025-02-10T13:33:58","slug":"motto-60","status":"publish","type":"page","link":"https:\/\/christelijkisliefdevol.nl\/index.php\/in-2024\/motto-60\/","title":{"rendered":"Motto 60"},"content":{"rendered":"\n<p class=\"has-text-color has-link-color wp-elements-f925e86f10283b64e0d9032e44d7ca90\" style=\"color:#244802;font-size:17px\"><br><em>God, die de Heer van de machten is \u00e8n de Schepper van alles en allen, ononderbroken aanwezig van v\u00f3\u00f3r het vroegste begin tot n\u00e1 het einde der tijden; \u2018God redt\u2019 en \u2019God is genadig\u2019 zoals de namen Jezus en Johannes betekenen (Een altijd en overal geldig besef)<\/em><\/p>\n\n\n\n<p class=\"has-text-color has-link-color wp-elements-9578cb5e5948f6922cdae0e55021197a\" style=\"color:#244802;font-size:17px\"><br>Dit motto is gebaseerd op onder meer de volgende bijbelverzen:<\/p>\n\n\n\n<p class=\"has-text-color has-link-color wp-elements-6d50439541915415864e793d5d74821d\" style=\"color:#244802;font-size:17px\">\u201cLuister, Isra\u00ebl: de HEER, onze God, de HEER is de enige! Heb de HEER, uw God, lief met heel uw hart en met heel uw ziel en met heel uw kracht.\u201d: Deut. 6: 4-5, NBV21.<\/p>\n\n\n\n<p class=\"has-text-color has-link-color wp-elements-fb7812bddb0d94d5044a897d2bc5c4b8\" style=\"color:#244802;font-size:17px\">\u201cIn het jaar dat koning Uzzia stierf, zag ik de Heere zitten op een hoge en verheven troon, en de zomen van Zijn <em>gewaad<\/em> vulden de tempel.<br>Serafs stonden boven Hem. Ieder had zes vleugels: met twee bedekte <em>ieder<\/em> zijn gezicht, met twee bedekte hij zijn voeten, en met twee vloog hij.<br>De een riep tot de ander:<br>Heilig, heilig, heilig is de HEERE van de legermachten;<br>heel de aarde is vol van Zijn heerlijkheid!\u201d: Jesaja 6: 1-3, HSV.<\/p>\n\n\n\n<p class=\"has-text-color has-link-color wp-elements-07034cbd2d41f3ffc16ed6097052ad66\" style=\"color:#244802;font-size:17px\">\u201cHEERE, onze Heere, hoe machtig is Uw Naam op de hele aarde!<br>U Die Uw majesteit getoond hebt boven de hemel.<br>Als ik Uw hemel zie, het werk van Uw vingers,<br>de maan en de sterren, die U <em>hun<\/em> plaats gegeven hebt,<br>wat is <em>dan<\/em> de sterveling, dat U aan hem denkt,<br>en de mensenzoon, dat U naar hem omziet?<br>HEERE, onze Heere,<br>hoe machtig is Uw Naam op de hele aarde!\u201d: Psalm 8: 2, 4-5, 10, HSV.<\/p>\n\n\n\n<p class=\"has-text-color has-link-color wp-elements-94fa5876257f5eb2a1bd056048688a65\" style=\"color:#244802;font-size:17px\">&#8220;De HEER staat hoog boven alle volken<br>zelfs boven de hemel staat zijn glorie.<br>Wie is als de HEER, onze God?<br>Hij troont in de hemel daar boven,<br>Hij zorgt voor de aarde beneden.<br>Wie is als Hij in hemel en op aarde?<br>Hij tilt de arme uit het stof,<br>Hij trekt hem omhoog uit het vuil&#8221;: Psalm 113: 4-7, WV.<\/p>\n\n\n\n<p class=\"has-text-color has-link-color wp-elements-587fec80dc86dd91658a7bf88569265e\" style=\"color:#244802;font-size:17px\">\u201cIk zag dat er tronen werden neergezet en dat er een oude wijze plaatsnam. Zijn kleed was wit als sneeuw, zijn hoofdhaar als zuivere wol. Zijn troon bestond uit vuurvlammen, de wielen uit laaiend vuur. Een rivier van vuur welde op en stroomde voor Hem uit. Duizend maal duizenden dienden Hem, tienduizend maal tienduizenden stonden voor Hem. Het hof nam plaats en de boeken werden geopend.<br>In mijn nachtelijk visioen zag ik dat er met de wolken van de hemel iemand kwam die eruitzag als een mens. Hij naderde de oude wijze en werd voor Hem geleid. Hem werden macht, eer en het koningschap verleend, en alle volken en naties, welke taal zij ook spraken, dienden hem. Zijn heerschappij was een eeuwige heerschappij, die nooit ten einde zou komen, zijn koningschap zou nooit te gronde gaan.\u201d: Dani\u00ebl 7: 9-10, 13-14, NBV21.<\/p>\n\n\n\n<p class=\"has-text-color has-link-color wp-elements-fad376a0a848e15379b9cafd9f71a62e\" style=\"color:#244802;font-size:17px\">\u201cEn er waren herders in diezelfde streek, die zich ophielden in het open veld en &#8217;s nachts de wacht hielden over hun kudde.<br>En zie, een engel van de Heere stond bij hen en de heerlijkheid van de Heere omscheen hen en zij werden zeer bevreesd.<br>En de engel zei tegen hen: Wees niet bevreesd, want zie, ik verkondig u grote blijdschap, die voor heel het volk wezen zal,<br><em>namelijk<\/em> dat heden voor u geboren is de Zaligmaker, in de stad van David; Hij is Christus, de Heere.\u201d: volgens Lukas 2: 8-11, HSV.<\/p>\n\n\n\n<p class=\"has-text-color has-link-color wp-elements-a7064af89d382c15f0200c133d7c5285\" style=\"color:#244802;font-size:17px\">\u201cNaar U, HEER, gaat mijn verlangen uit,<br>&nbsp;Wijs mij de weg van uw waarheid en onderricht mij,<br>want U bent de God die mij redt,<br>op U blijf ik hopen, elke dag weer.<br>Denk aan uw barmhartigheid, HEER,<br>aan uw liefde door de eeuwen heen.<br>Denk niet aan de zonden uit mijn jeugd,<br>maar denk met liefde aan mij, HEER,<br>omwille van uw goedheid.<br>Goed en rechtvaardig is de HEER:<br>Hij wijst zondaars de weg,<br>wie nederig zijn leidt Hij in het rechte spoor,<br>Hij leert hun zijn paden te gaan.<br>Liefde en trouw zijn de weg van de HEER<br>voor wie de wetten van zijn verbond onderhouden.<br>Vergeef mij, HEER, mijn grote schuld,<br>omwille van uw naam.<br>Keer u tot mij en wees mij genadig,<br>ik ben alleen en ellendig.<br>Mijn hart is vol van angst,<br>bevrijd mij uit mijn benauwenis.<br>Zie mij in mijn nood, in mijn ellende,<br>vergeef mij al mijn zonden.<br>Behoed mij en bevrijd mij,<br>maak mij niet te schande, want ik schuil bij U.<br>Onschuld en oprechtheid mogen mij bewaren,<br>op U is mijn hoop gevestigd.\u201d: Psalm 25: 1, 5-11, 16-18, 20-21, NBV21.<\/p>\n\n\n\n<p class=\"has-text-color has-link-color wp-elements-4aa40eb2d82ef3bee75406b42806c895\" style=\"color:#244802;font-size:17px\">&#8220;Zie, God is mijn heil,<br>ik zal vertrouwen en geen angst hebben,<br>want mijn kracht en psalm is de HEEREHEERE,<br>en Hij is mij tot heil geworden.<br>U zult met vreugde water scheppen<br>uit de bronnen van het heil.<br>Op die dag zult u zeggen:<br>Dank de HEERE, roep Zijn Naam aan,<br>maak Zijn daden bekend onder de volken,<br>roep in herinnering dat Zijn Naam hoogverheven is.<br>Zing psalmen voor de HEERE, want Hij heeft zeer grote dingen gedaan.<br>Laat dit bekend worden over heel de aarde!&#8221;: Jesaja 12: 2-5, HSV.<\/p>\n\n\n\n<p class=\"has-text-color has-link-color wp-elements-7ca921a873dd106de15a66d085f6fd18\" style=\"color:#244802;font-size:17px\">\u201cOnze hulp is in de Naam van de HEERE,<br>Die hemel en aarde gemaakt heeft.\u201d: Psalm 124: 8, HSV.<\/p>\n\n\n\n<p class=\"has-text-color has-link-color wp-elements-477d64984da94221fa32b57e220f12bb\" style=\"color:#244802;font-size:17px\">\u201cWie op de HEER vertrouwt is als de Sionsberg,<br>die onwankelbaar vast staat voor eeuwig.\u201d: Psalm 125: 1, NBV21.<\/p>\n\n\n\n<p class=\"has-text-color has-link-color wp-elements-0009fcfcad8b2b7056020ed72e1e6442\" style=\"color:#244802;font-size:17px\">\u201cDe zachtmoedigen zullen eten en verzadigd worden;<br>wie de HEERE zoeken, zullen Hem loven.<br>Uw hart zal voor eeuwig leven.<br>Alle einden der aarde<br>zullen eraan denken en zich tot de HEERE bekeren:<br>alle geslachten van de heidenvolken<br>zullen zich voor Uw aangezicht neerbuigen.<br>Want het koningschap is van de HEERE,<br>Hij heerst over de heidenvolken.\u201d: Psalm 22: 27-29, HSV.<\/p>\n\n\n\n<p class=\"has-text-color has-link-color wp-elements-f0ab7cec98b7a421d295a619fbe410eb\" style=\"color:#244802;font-size:17px\">\u201cNiet ons, HEERE, niet ons,<br>maar geef Uw Naam eer,<br>om Uw goedertierenheid, om Uw trouw.<br>U die de HEERE vreest, vertrouw op de HEERE,<br>Hij is hun hulp en hun schild.<br>U bent gezegend door de HEERE,<br>Die hemel en aarde gemaakt heeft.<br>De hemel, de hemel is van de HEERE,<br>maar de aarde heeft Hij aan de mensenkinderen gegeven.<br>Maar w\u00edj zullen de HEERE loven,<br>van nu aan tot in eeuwigheid.\u201d: Psalm 115: 1, 11, 15-16, 18, HSV.<\/p>\n\n\n\n<p class=\"has-text-color has-link-color wp-elements-9e3ec8e011d19bba06dd0d18e0fd7e8d\" style=\"color:#244802;font-size:17px\">\u201cGeprezen zij God, de HEER,<br>de God van Isra\u00ebl.<br>Hij doet wonderen, Hij alleen.<br>Geprezen zij zijn luisterrijke naam, voor eeuwig.<br>Moge zijn luister heel de aarde vervullen.<br>Amen, amen.\u201d: Psalm 72: 18-19, NBV21.<\/p>\n\n\n\n<p class=\"has-text-color has-link-color wp-elements-c1d416fc743db2d30b8010876b89ccab\" style=\"color:#244802;font-size:17px\">\u201cZing voor de HEER een nieuw lied:<br>wonderen heeft Hij verricht.<br>Zijn rechterhand heeft overwonnen,<br>zijn heilige arm heeft redding gebracht.<br>De HEER heeft zijn overwinning bekendgemaakt,<br>voor de ogen van de volken zijn gerechtigheid onthuld.<br>Juich de HEER toe, heel de aarde,<br>juich en jubel, zing het uit.\u201d: Psalm 98,: 1-2, 4, NBV21.<\/p>\n\n\n\n<p class=\"has-text-color has-link-color wp-elements-1c74a488155f340a533aa723e9bdba74\" style=\"color:#244802;font-size:17px\">\u201cZing voor de HEER een nieuw lied,<br>zing voor de HEER, heel de aarde.<br>Zing voor de HEER, prijs zijn naam,<br>verkondig van dag tot dag dat Hij ons redt.<br>Maak aan alle volken zijn majesteit bekend,<br>aan alle naties zijn wonderdaden.<br>Groot is de HEER, Hem komt alle lof toe,<br>geducht is Hij, meer dan alle goden.<br>Zeg aan de volken: \u2018De HEER is koning.<br>Vast staat de wereld, zij wankelt niet.<br>Hij oordeelt de volken naar recht en wet.\u2019\u201d: Psalm 96: 1-4, 10, NBV21.<\/p>\n\n\n\n<p class=\"has-text-color has-link-color wp-elements-b86bc7174616a45658d3a15210858363\" style=\"color:#244802;font-size:17px\">\u201cLoof de HEER, volken op aarde,<br>prijs Hem, naties overal:<br>zijn liefde voor ons is overstelpend,<br>eeuwig duurt de trouw van de HEER.<br>Halleluja!\u201d: Psalm 117: 1-2, NBV21.<\/p>\n\n\n\n<p style=\"font-size:17px\"><br>Bijbehorend filmpje <a href=\"https:\/\/www.youtube.com\/watch?v=nkid-gmxwuk\" target=\"_blank\" rel=\"noreferrer noopener\">Motto 60a: El Shaddai \u2013 Nederland Zingt \u2013 Suzanne van de Velde<\/a><br><br>Bijbehorend filmpje <a href=\"https:\/\/www.youtube.com\/watch?v=M_Ki54JeGcE\" target=\"_blank\" rel=\"noreferrer noopener\">Motto 60b: Lied 221 Zo vriendelijk en veilig als het licht \u2013 YouTube<\/a><\/p>\n\n\n\n<p style=\"font-size:17px\">Bijbehorend filmpje <a href=\"https:\/\/www.youtube.com\/watch?v=UYLKrFOLS-E\" target=\"_blank\" rel=\"noreferrer noopener\">Motto 60c: Lied: Bless the Lord my soul (with lyrics) \u2013 YouTube<\/a><\/p>\n\n\n\n<p style=\"font-size:17px\">Bijbehorend filmpje <a href=\"https:\/\/www.youtube.com\/watch?v=nS4wJwUYEVo\" target=\"_blank\" rel=\"noreferrer noopener\">Motto 60d: Nederland Zingt Dag 2017: De kracht van Uw liefde \u2013 YouTube<\/a><\/p>\n\n\n\n<p style=\"font-size:17px\">Bijbehorend filmpje <a href=\"https:\/\/www.youtube.com\/watch?v=mE84YzS3Ue0\" target=\"_blank\" rel=\"noreferrer noopener\">Motto 60e: Lied 67A: Heel de aarde jubelt en juicht | Petrus in het land | KRO-NCRV \u2013 YouTube<\/a><\/p>\n\n\n\n<p style=\"font-size:17px\">Bijbehorend filmpje <a href=\"https:\/\/www.youtube.com\/watch?v=YBe8Zsl_avc\" target=\"_blank\" rel=\"noreferrer noopener\">Motto 60f: Hoe groot zijt Gij | 1700 mannen zingen | Katwijk aan Zee \u2013 YouTube<\/a><\/p>\n\n\n\n<p><\/p>\n","protected":false},"excerpt":{"rendered":"<p>God, die de Heer van de machten is \u00e8n de Schepper van alles en allen, ononderbroken aanwezig van v\u00f3\u00f3r het vroegste begin tot n\u00e1 het einde der tijden; \u2018God redt\u2019 en \u2019God is genadig\u2019 zoals de namen Jezus en Johannes betekenen (Een altijd en overal geldig besef) Dit motto is gebaseerd op onder meer de&hellip;&nbsp;<a href=\"https:\/\/christelijkisliefdevol.nl\/index.php\/in-2024\/motto-60\/\" rel=\"bookmark\">Lees verder &raquo;<span class=\"screen-reader-text\">Motto 60<\/span><\/a><\/p>\n","protected":false},"author":1,"featured_media":0,"parent":2046,"menu_order":40,"comment_status":"closed","ping_status":"closed","template":"","meta":{"neve_meta_sidebar":"","neve_meta_container":"","neve_meta_enable_content_width":"","neve_meta_content_width":0,"neve_meta_title_alignment":"","neve_meta_author_avatar":"","neve_post_elements_order":"","neve_meta_disable_header":"","neve_meta_disable_footer":"","neve_meta_disable_title":"","footnotes":""},"class_list":["post-2345","page","type-page","status-publish","hentry"],"_links":{"self":[{"href":"https:\/\/christelijkisliefdevol.nl\/index.php\/wp-json\/wp\/v2\/pages\/2345","targetHints":{"allow":["GET"]}}],"collection":[{"href":"https:\/\/christelijkisliefdevol.nl\/index.php\/wp-json\/wp\/v2\/pages"}],"about":[{"href":"https:\/\/christelijkisliefdevol.nl\/index.php\/wp-json\/wp\/v2\/types\/page"}],"author":[{"embeddable":true,"href":"https:\/\/christelijkisliefdevol.nl\/index.php\/wp-json\/wp\/v2\/users\/1"}],"replies":[{"embeddable":true,"href":"https:\/\/christelijkisliefdevol.nl\/index.php\/wp-json\/wp\/v2\/comments?post=2345"}],"version-history":[{"count":18,"href":"https:\/\/christelijkisliefdevol.nl\/index.php\/wp-json\/wp\/v2\/pages\/2345\/revisions"}],"predecessor-version":[{"id":2645,"href":"https:\/\/christelijkisliefdevol.nl\/index.php\/wp-json\/wp\/v2\/pages\/2345\/revisions\/2645"}],"up":[{"embeddable":true,"href":"https:\/\/christelijkisliefdevol.nl\/index.php\/wp-json\/wp\/v2\/pages\/2046"}],"wp:attachment":[{"href":"https:\/\/christelijkisliefdevol.nl\/index.php\/wp-json\/wp\/v2\/media?parent=2345"}],"curies":[{"name":"wp","href":"https:\/\/api.w.org\/{rel}","templated":true}]}}